git of 55408762?
2
What is the millions digit of 12869894?
2
What is the ten millions digit of 2978500674?
7
What is the millions digit of 759871006?
9
What is the hundred millions digit of 185636276?
1
What is the hundred millions digit of 4614550927?
6
What is the ten millions digit of 498193373?
9
What is the ten millions digit of 108446712?
0
What is the thousands digit of 210743477?
3
What is the units digit of 384405551?
1
What is the thousands digit of 5009958159?
8
What is the hundreds digit of 46243681?
6
What is the hundred millions digit of 3302685606?
3
What is the ten millions digit of 13527601?
1
What is the hundred millions digit of 1384342809?
3
What is the tens digit of 23720276?
7
What is the units digit of 2022391410?
0
What is the millions digit of 77052133?
7
What is the units digit of 112231559?
9
What is the millions digit of 1847518226?
7
What is the ten millions digit of 55410530?
5
What is the hundred thousands digit of 6163567?
1
What is the thousands digit of 1643108083?
8
What is the tens digit of 62708023?
2
What is the ten thousands digit of 42970352?
7
What is the billions digit of 3720636625?
3
What is the millions digit of 553054285?
3
What is the tens digit of 172887845?
4
What is the tens digit of 91300855?
5
What is the hundred thousands digit of 664670249?
6
What is the units digit of 273719271?
1
What is the ten millions digit of 15036552?
1
What is the ten thousands digit of 78881243?
8
What is the ten thousands digit of 5965194386?
9
What is the tens digit of 20586028?
2
What is the ten thousands digit of 3000434866?
3
What is the hundred millions digit of 181918630?
1
What is the thousands digit of 44915555?
5
What is the ten millions digit of 429171804?
2
What is the ten thousands digit of 49000134?
0
What is the hundreds digit of 7174679884?
8
What is the units digit of 276981737?
7
What is the tens digit of 2050879122?
2
What is the hundred millions digit of 334831494?
3
What is the ten millions digit of 397406659?
9
What is the units digit of 4027943525?
5
What is the thousands digit of 1089778506?
8
What is the ten thousands digit of 93634559?
3
What is the hundreds digit of 41645039?
0
What is the ten thousands digit of 150263163?
6
What is the hundred thousands digit of 47279414?
2
What is the units digit of 147799715?
5
What is the hundreds digit of 1335002391?
3
What is the hundreds digit of 459816282?
2
What is the hundred thousands digit of 302628950?
6
What is the hundred thousands digit of 44751256?
7
What is the hundreds digit of 2832840107?
1
What is the thousands digit of 118157980?
7
What is the ten millions digit of 197841310?
9
What is the hundred millions digit of 374959170?
3
What is the ten thousands digit of 376303079?
0
What is the hundreds digit of 1085821869?
8
What is the tens digit of 464326301?
0
What is the units digit of 12076156?
6
What is the thousands digit of 242782590?
2
What is the hundred thousands digit of 71114153?
1
What is the tens digit of 43625437?
3
What is the ten thousands digit of 321908917?
0
What is the hundreds digit of 208551319?
3
What is the millions digit of 17937854?
7
What is the units digit of 121721172?
2
What is the ten millions digit of 182173864?
8
What is the hundreds digit of 52458182?
1
What is the ten millions digit of 318176232?
1
What is the ten thousands digit of 386134774?
3
What is the millions digit of 2075270186?
5
What is the tens digit of 52477841?
4
What is the thousands digit of 1894090128?
0
What is the hundreds digit of 433099640?
6
What is the thousands digit of 4531852952?
2
What is the hundred thousands digit of 1606927017?
9
What is the tens digit of 639762642?
4
What is the hundreds digit of 27949389?
3
What is the units digit of 401900399?
9
What is the millions digit of 996142339?
6
What is the ten millions digit of 24381326?
2
What is the tens digit of 178976343?
4
What is the ten millions digit of 78991945?
7
What is the hundreds digit of 55805930?
9
What is the ten millions digit of 79708833?
7
What is the ten millions digit of 152984888?
5
What is the thousands digit of 870082930?
2
What is the ten millions digit of 134959578?
3
What is the ten thousands digit of 814562277?
6
What is the millions digit of 174401335?
4
What is the ten millions digit of 2369605385?
6
What is the tens digit of 889987238?
3
What is the hundred thousands digit of 57290912?
2
What is the units digit of 1706604832?
2
What is the tens digit of 507627919?
1
What is the hundred thousands digit of 52533129?
5
What is the ten millions digit of 194125240?
9
What is the hundred millions digit of 1630406226?
6
What is the ten thousands digit of 1295053929?
5
What is the thousands digit of 87651088?
1
What is the tens digit of 5529228857?
5
What is the tens digit of 2473877826?
2
What is the tens digit of 49238062?
6
What is the hundred millions digit of 1107055791?
1
What is the tens digit of 587087?
8
What is the millions digit of 214797326?
4
What is the hundreds digit of 282577410?
4
What is the hundred thousands digit of 15195192?
1
What is the hundred thousands digit of 156052315?
0
What is the billions digit of 3210076767?
3
What is the hundreds digit of 1220645486?
4
What is the tens digit of 40405200?
0
What is the tens digit of 327831815?
1
What is the units digit of 1223254798?
8
What is the hundreds digit of 276427664?
6
What is the hundred millions digit of 4697816412?
6
What is the thousands digit of 59672576?
2
What is the ten millions digit of 92990949?
9
What is the tens digit of 1843474709?
0
What is the millions digit of 62349993?
2
What is the tens digit of 1195520170?
7
What is the ten thousands digit of 7459557626?
5
What is the millions digit of 377030489?
7
What is the hundred thousands digit of 971620614?
6
What is the ten millions digit of 113330863?
1
What is the hundred thousands digit of 3784632?
7
What is the hundreds digit of 543630340?
3
What is the ten thousands digit of 18068686?
6
What is the ten thousands digit of 256392754?
9
What is the ten thousands digit of 137141551?
4
What is the hundred millions digit of 2994364805?
9
What is the thousands digit of 813974791?
4
What is the hundred thousands digit of 845993789?
9
What is the hundred millions digit of 388047672?
3
What is the hundred thousands digit of 279263173?
2
What is the hundred thousands digit of 103976905?
9
What is the ten millions digit of 11524477?
1
What is the thousands digit of 95521261?
1
What is the units digit of 25523219?
9
What is the ten thousands digit of 2402497307?
9
What is the tens digit of 2231418198?
9
What is the millions digit of 1206548769?
6
What is the thousands digit of 652609102?
9
What is the hundreds digit of 16492911?
9
What is the hundred thousands digit of 73190767?
1
What is the tens digit of 217216016?
1
What is the billions digit of 6702327080?
6
What is the tens digit of 53429989?
8
What is the hundred thousands digit of 44964653?
9
What is the millions digit of 4775197656?
5
What is the hundred thousands digit of 1931631823?
6
What is the units digit of 55683746?
6
What is the ten thousands digit of 57466206?
6
What is the units digit of 2315474396?
6
What is the tens digit of 418253971?
7
What is the thousands digit of 213326472?
6
What is the hundreds digit of 39315230?
2
What is the hundred millions digit of 1287309447?
2
What is the units digit of 74531384?
4
What is the ten thousands digit of 9895393?
9
What is the ten millions digit of 369919579?
6
What is the tens digit of 17767650?
5
What is the units digit of 3734268936?
6
What is the millions digit of 6323837036?
3
What is the ten thousands digit of 238768890?
6
What is the hundred millions digit of 328840730?
3
What is the units digit of 162902051?
1
What is the ten millions digit of 372103212?
7
What is the units digit of 487201761?
1
What is the thousands digit of 87750718?
0
What is the ten millions digit of 61374553?
6
What is the tens digit of 276007?
0
What is the hundred thousands digit of 1842616179?
6
What is the tens digit of 237194975?
7
What is the tens digit of 42418723?
2
What is the hundred thousands digit of 215585696?
5
What is the units digit of 1344789115?
5
What is the millions digit of 42684104?
2
What is the hundred thousands